 tens digit of 290?
9
What is the thousands digit of 2060?
2
What is the hundreds digit of 1938?
9
What is the tens digit of 175?
7
What is the units digit of 3006?
6
What is the hundreds digit of 110?
1
What is the units digit of 14809?
9
What is the hundreds digit of 3281?
2
What is the thousands digit of 3294?
3
What is the hundreds digit of 16566?
5
What is the units digit of 56196?
6
What is the tens digit of 45139?
3
What is the tens digit of 3535?
3
What is the hundreds digit of 19127?
1
What is the thousands digit of 3004?
3
What is the tens digit of 176?
7
What is the tens digit of 45859?
5
What is the tens digit of 478?
7
What is the units digit of 38?
8
What is the units digit of 11923?
3
What is the units digit of 6069?
9
What is the tens digit of 2240?
4
What is the tens digit of 1669?
6
What is the hundreds digit of 25166?
1
What is the tens digit of 42948?
4
What is the ten thousands digit of 10795?
1
What is the thousands digit of 1589?
1
What is the tens digit of 23?
2
What is the tens digit of 555?
5
What is the hundreds digit of 1376?
3
What is the tens digit of 5486?
8
What is the units digit of 1642?
2
What is the hundreds digit of 22012?
0
What is the units digit of 372?
2
What is the tens digit of 7469?
6
What is the units digit of 2511?
1
What is the thousands digit of 5245?
5
What is the units digit of 25456?
6
What is the hundreds digit of 739?
7
What is the thousands digit of 1380?
1
What is the tens digit of 33?
3
What is the hundreds digit of 2809?
8
What is the hundreds digit of 992?
9
What is the hundreds digit of 5428?
4
What is the tens digit of 768?
6
What is the units digit of 5186?
6
What is the ten thousands digit of 52832?
5
What is the thousands digit of 18873?
8
What is the hundreds digit of 1451?
4
What is the tens digit of 24769?
6
What is the units digit of 101697?
7
What is the thousands digit of 1823?
1
What is the units digit of 2474?
4
What is the units digit of 3957?
7
What is the hundreds digit of 2201?
2
What is the hundreds digit of 57463?
4
What is the thousands digit of 13306?
3
What is the ten thousands digit of 27043?
2
What is the hundreds digit of 768?
7
What is the units digit of 95?
5
What is the hundreds digit of 14817?
8
What is the thousands digit of 1170?
1
What is the tens digit of 561?
6
What is the units digit of 2965?
5
What is the units digit of 467?
7
What is the hundreds digit of 28693?
6
What is the units digit of 2387?
7
What is the hundreds digit of 848?
8
What is the thousands digit of 4451?
4
What is the tens digit of 44?
4
What is the units digit of 74369?
9
What is the hundreds digit of 7032?
0
What is the tens digit of 67057?
5
What is the tens digit of 723?
2
What is the units digit of 745?
5
What is the hundreds digit of 2204?
2
What is the hundreds digit of 736?
7
What is the tens digit of 414?
1
What is the units digit of 17184?
4
What is the tens digit of 244?
4
What is the units digit of 1985?
5
What is the units digit of 3224?
4
What is the units digit of 52?
2
What is the thousands digit of 14543?
4
What is the thousands digit of 79568?
9
What is the units digit of 175328?
8
What is the tens digit of 12461?
6
What is the hundreds digit of 46815?
8
What is the thousands digit of 108659?
8
What is the hundreds digit of 4624?
6
What is the units digit of 367?
7
What is the hundreds digit of 10125?
1
What is the thousands digit of 1337?
1
What is the thousands digit of 15369?
5
What is the ten thousands digit of 49047?
4
What is the tens digit of 7818?
1
What is the units digit of 7007?
7
What is the thousands digit of 75238?
5
What is the units digit of 370?
0
What is the thousands digit of 1362?
1
What is the tens digit of 6236?
3
What is the tens digit of 252?
5
What is the units digit of 4926?
6
What is the thousands digit of 2432?
2
What is the thousands digit of 13946?
3
What is the units digit of 1577?
7
What is the tens digit of 1897?
9
What is the hundreds digit of 5851?
8
What is the tens digit of 1314?
1
What is the thousands digit of 81347?
1
What is the hundreds digit of 1506?
5
What is the ten thousands digit of 13452?
1
What is the tens digit of 2777?
7
What is the units digit of 54327?
7
What is the thousands digit of 48999?
8
What is the hundreds digit of 7054?
0
What is the tens digit of 21302?
0
What is the hundreds digit of 2833?
8
What is the thousands digit of 1388?
1
What is the hundreds digit of 1080?
0
What is the hundreds digit of 21503?
5
What is the ten thousands digit of 11406?
1
What is the tens digit of 3554?
5
What is the units digit of 96071?
1
What is the tens digit of 944?
4
What is the units digit of 48563?
3
What is the hundreds digit of 14567?
5
What is the tens digit of 1723?
2
What is the hundreds digit of 7750?
7
What is the tens digit of 6257?
5
What is the units digit of 251?
1
What is the hundreds digit of 875?
8
What is the hundreds digit of 4938?
9
What is the hundreds digit of 9960?
9
What is the ten thousands digit of 10905?
1
What is the units digit of 1540?
0
What is the ten thousands digit of 23840?
2
What is the tens digit of 5270?
7
What is the tens digit of 637?
3
What is the tens digit of 8293?
9
What is the thousands digit of 17669?
7
What is the thousands digit of 1409?
1
What is the tens digit of 5148?
4
What is the units digit of 77182?
2
What is the ten thousands digit of 38924?
3
What is the units digit of 741?
1
What is the tens digit of 7652?
5
What is the hundreds digit of 15200?
2
What is the units digit of 2949?
9
What is the thousands digit of 1377?
1
What is the hundreds digit of 1440?
4
What is the thousands digit of 3055?
3
What is the units digit of 5080?
0
What is the tens digit of 30156?
5
What is the ten thousands digit of 64919?
6
What is the ten thousands digit of 17901?
1
What is the units digit of 2548?
8
What is the tens digit of 1136?
3
What is the hundreds digit of 3822?
8
What is the units digit of 852?
2
What is the tens digit of 1287?
8
What is the tens digit of 517?
1
What is the tens digit of 19810?
1
What is the ten thousands digit of 22334?
2
What is the units digit of 28?
8
What is the units digit of 7587?
7
What is the thousands digit of 10946?
0
What is the tens digit of 260?
6
What is the hundreds digit of 14462?
4
What is the units digit of 5059?
9
What is the tens digit of 44176?
7
What is the tens digit of 72240?
4
What is the tens digit of 23868?
6
What is the tens digit of 6482?
8
What is the units digit of 5523?
3
What is the hundreds digit of 689?
6
What is the units digit of 476?
6
What is the thousands digit of 8395?
8
What is the thousands digit of 6646?
6
What is the units digit of 24766?
6
What is the units digit of 73323?
3
What is the units digit of 22779?
9
What is the tens digit of 2581?
8
What is the units digit of 1061?
1
What is the thousands digit of 4752?
4
What is the units digit of 23398?
8
What is the thousands digit of 2337?
2
What is the units digit of 14934?
4
What is the ten thousands digit of 43212?
4
What is the hundreds digit of 424?
4
What is the ten thousands digit of 15540?
1
What is the hundreds digit of 40848?
8
What is the units digit of 1006?
6
What is the hundreds digit of 2784?
7
What is the tens digit of 1740?
4
What is the units digit of 9978?
8
What is the tens digit of 68974?
7
What is the units digit of 434?
4
What is the tens digit of 8165?
6
What is the thousands digit of 1355?
1
What is the thousands digit of 42359?
2
What is the hundreds digit of 237?
2
What is the units digit of 590?
0
What is the hundreds digit of 5792?
7
What is the tens digit of 19814?
1
What is the hundreds digit of 4632?
6
What is the thousands digit of 6055?
6
What is the thousands digit of 9217?
9
What is the tens digit of 926?
2
What is the tens digit of 175?
7
What is the hundreds digit of 205?
2
What is the units digit of 989?
9
What is the hundreds digit of 2366?
3
What is the units digit of 2?
2
What is the hundreds digit of 18570?
5
What is the units digit of 53401?
1
What is the units digit of 7?
7
What is the thousands digit of 3183?
3
What is the ten thousands digit of 21297?
2
What is the ten thousands digit of 14088?
1
What is the hundreds digit of 10006?
0
What is the hundreds digit of 493?
4
What is the hundreds digit of 2340?
3
Wha